Let i(l) = -l**3 + 20*l**2 - 15*l - 18. Calculate the remainder when 1 + 27/(-21) - (-4684)/28 is divided by i(19).
51
Suppose 3*o = 4*l - 83, -o - 4*o = 5*l + 115. What is the remainder when 326 is divided by o/30 - 822/(-36)?
18
What is the remainder when (7735/1326)/((-1)/(-258)) is divided by 126?
119
Let o = -8574 + 13587. What is the remainder when o is divided by 59?
57
Let d be 4/(-12)*-1*(3 - -21). What is the remainder when (d/1)/(-4) - (-33 + -2) is divided by 12?
9
Calculate the remainder when 506 is divided by 1330/(-20)*(9/(9/(-2)) - 0).
107
What is the remainder when 559 is divided by -1*9 + 148 + 2?
136
Suppose -3*y = -63*o + 64*o - 3, -2*y = -o + 13. Calculate the remainder when 133 is divided by o.
7
Suppose -5*d = -9*d. Suppose d = 3*r + 6 - 24. What is the remainder when (12/9)/((-4)/(-33)) is divided by r?
5
Let n(d) = d**3 + 3*d**2 - d + 209. Suppose 66 = 4*q + 66. Calculate the remainder when n(q) is divided by 53.
50
Let s = -1209 - -2333. What is the remainder when s/36 - ((-2)/9)/(-1) is divided by 11?
9
What is the remainder when 711 is divided by ((-1)/9*-3)/(2/204)?
31
Calculate the remainder when 197 is divided by (20/130 - (-18997)/143) + (0 - 1).
65
Let b = 16137 + -11549. What is the remainder when b is divided by 82?
78
Let i be (-7 - -9) + 0/(-2) + 0. What is the remainder when (4/i)/(((-140)/(-450))/7) is divided by 16?
13
Let u be (-54)/10 - 21/35. Calculate the remainder when 188 is divided by 0 + 0 - (-57 + u).
62
Suppose -4*n = -2*s - 152, -4*n + 136 = -0*n + 2*s. Calculate the remainder when ((43 + -378)/(15/(-6)))/2 is divided by n.
31
Suppose 4*k - 551 = -251. Suppose 5*o + k - 10 = 5*h, 16 = -4*o. What is the remainder when 17 is divided by h?
8
Let c = 42 - 34. Let l = c + -4. Suppose 2*s = -0*n - l*n + 30, 0 = -s + 5*n - 13. What is the remainder when 20 is divided by s?
6
Let n be 15/(-17 + 20) + (-2)/1. Let c(y) = 16*y**2 - y - 1. Let p be c(-4). Suppose 4*q - p = -n*q. Calculate the remainder when q is divided by 10.
7
Let l(k) = 2*k**2 - 16*k + 23. Calculate the remainder when 3518 is divided by l(0).
22
Suppose 0 = -2*t - 3*a + 1086, -3*t - 2*a = -t - 1090. Let x(o) = -65*o - 1679. What is the remainder when t is divided by x(-26)?
10
Calculate the remainder when 1000 is divided by 1/(-7) + (-3738)/(-98).
12
Let o(g) = 5*g**3 + 48*g**2 + 5*g - 35. Calculate the remainder when o(-8) is divided by 25.
12
Suppose 5*c + 50 = v, 4*v - 4*c - 90 = 110. Let l = 598 - 350. Calculate the remainder when l is divided by v.
48
Let h(z) = -28*z. Let o(m) = m**3 + 3*m**2 - 4*m + 4. Let k be o(-4). Suppose 8 = -k*c + 4. What is the remainder when h(c) is divided by 15?
13
Let c(b) = b + 60. Let m(d) = d**3 + 13*d**2 + 22*d. Let x be m(-11). Calculate the remainder when c(x) is divided by (-1)/(1*(-1)/7).
4
Let y(o) = -10*o**3 + o**2 + 2*o + 1. Let x = -17585 + 17722. What is the remainder when x is divided by y(-1)?
7
Let o be -1*(-2 - (-12)/3). Let s be 10/(o/(-1)*1). Suppose -u + 56 = 5*m, m + s*u + 32 = 2*m. Calculate the remainder when 39 is divided by m.
3
Suppose 71*h - 1692 = -343. Suppose -7 + 11 = b. Suppose -n + b = -3. What is the remainder when h is divided by n?
5
Suppose l + 22 = 9*k - 8*k, -k + 3*l = -28. Let o(m) = -2*m + 2. Let y be o(1). Suppose y = -4*s + 105 + k. Calculate the remainder when 59 is divided by s.
28
Let b(d) = 5*d**2 - 13*d + 20. Let u be b(12). Let m = -478 + u. What is the remainder when m is divided by 22?
18
Suppose 0 = -1105*y + 1120*y - 270. Let a(c) = 7*c**2 + 2*c + 8. Calculate the remainder when a(-6) is divided by y.
14
Suppose -5*k - 3443 = 4*v, 0*k = -4*k + v - 2767. Let o = k - -742. What is the remainder when 87 is divided by o?
36
Let f be (-1706)/8*(-16 + 2 + 10). Suppose 262 = -z + f. What is the remainder when z is divided by 27?
24
Let t(p) = -p**3 - p**2. Suppose 26*i = 30*i - 20. Let w(x) = -6*x**3 - 5*x**2 - 65. Let d(z) = i*t(z) - w(z). What is the remainder when d(0) is divided by 11?
10
Let c(o) = o**2 + 31*o - 274. Let v be c(8). Let h(j) = -9*j + 381. What is the remainder when 150 is divided by h(v)?
33
Let o be 2*3/(-3) + 80 + 1. Suppose 213 + o = 2*x. What is the remainder when x is divided by 37?
35
Let p = 5455 + -5388. What is the remainder when 1000 is divided by p?
62
Let m be 63/(-28) - -2 - 213/(-4). Suppose -m - 73 = -9*v. What is the remainder when -2 + 41 + -1 + 2 is divided by v?
12
Let u(f) = 8*f - 8. Let o be u(7). Let a = -30 + o. Suppose -3*q + 4*h + 220 = -2, 3*h - 201 = -3*q. Calculate the remainder when q is divided by a.
16
Suppose p + 6*p - 410 = 6*p. Calculate the remainder when p is divided by 14.
4
Let r(z) = z**3 - 5*z**2 + 2*z + 4. Calculate the remainder when r(6) is divided by 3288/240 + 21/70.
10
Suppose 0*s + 5*s + 4*l = 4884, -2*l = -3*s + 2926. Suppose 0 = 14*n - 872 - s. What is the remainder when n is divided by 46?
40
Suppose -10*d - 646 = -27*d. Calculate the remainder when 1394 is divided by d.
26
Suppose -2*t = -10, -13*q + 18*q = 4*t + 290. Calculate the remainder when 199 is divided by q.
13
Suppose -326*a + 288887 - 113874 = -401029. What is the remainder when a is divided by 255?
237
Suppose -4*l + 3557 = i - 504, l - 1024 = -2*i. What is the remainder when l is divided by 505?
4
Suppose 963 = -r - 2*q, -4*r + 9*r - 5*q + 4740 = 0. Let k = 1368 + r. Calculate the remainder when k is divided by 19.
16
Let w = 1721 - 1695. What is the remainder when 1920 is divided by w?
22
Let q(i) = 2*i**3 + 246*i**2 + 485*i + 138. Let b(u) = -22*u + 8. What is the remainder when b(-8) is divided by q(-121)?
14
Calculate the remainder when ((-5)/(-10))/((-2)/(-712)) is divided by (64 + -70)/((-1)/3).
16
Let n be (12/(-5))/((0 - 0) + 33/110). Suppose 3*z + 0*z = 18. What is the remainder when 9 is divided by ((-276)/16)/(-3) + z/n?
4
Let y(u) be the first derivative of u**4 - 17*u**3/3 + u**2 - 8*u - 166. Calculate the remainder when y(7) is divided by 26.
25
Let l(b) = b**3 + 17*b**2 + 84*b + 717. What is the remainder when 422 is divided by l(-14)?
35
Let f(v) = -v + 3. Let p be f(-1). Suppose -60 = 4*h + 2*i, 4*h + p*i + 70 = 2. What is the remainder when 15*(-2*7)/(-16 - h) is divided by 18?
16
Suppose -92 = -3*z - 2*l - 2*l, 163 = 5*z - 3*l. Suppose 20*a = -491 + 2251. Suppose 0 = 17*p - 116 - a. What is the remainder when z is divided by p?
8
Suppose 2*f = 6*h - 3*h + 396, f + 5*h = 172. What is the remainder when f is divided by 44?
16
Suppose -2*p + 465 = 5*b + 125, 4*b - 272 = 5*p. Suppose -76*a + b*a + 40 = 0. What is the remainder when 18 is divided by a?
3
Let z(u) = 349*u**2 + 1297*u + 22. Suppose 0 = j - 2*j + 70. What is the remainder when z(-4) is divided by j?
68
Let o = 5 - 15. Let c be (-6)/(-4)*(6 + o). Calculate the remainder when 57 is divided by ((-30)/4)/(c/16).
17
Let m(t) = t**2 - 12*t + 32. Let n be m(8). Suppose 714 = -n*u + 2*u. Calculate the remainder when u is divided by 72.
69
Let s(u) = u**2 - 4*u - 11. What is the remainder when 587 is divided by s(-6)?
48
Suppose 3*q = -5*s + 371, 196 = -237*q + 239*q - 4*s. What is the remainder when q is divided by 64?
48
Let i = -621 + 298. Let x = -108 - i. Calculate the remainder when x is divided by 54.
53
Suppose 3*v - 481 = -2*b + 739, 4*b - 3*v = 2422. What is the remainder when b is divided by 16?
15
Suppose 18928*u = 18912*u + 9545 - 3705. What is the remainder when u is divided by (1 + -9)/((-4)/46)?
89
Let p(t) = -t**3 + 25*t**2 + 512*t - 26. What is the remainder when p(-14) is divided by 259?
191
Let n = 519 - 520. What is the remainder when 93 is divided by 4 + 1 + n - (30 - 61)?
23
Suppose u - 23 = -2*j - 4*u, 4 = 4*u. Suppose 0 = -9*k + 18*k - 324. Let y = -30 + k. Calculate the remainder when j is divided by y.
3
Suppose -181*c - 33*c + 1498 = 0. Calculate the remainder when 259 is divided by c.
0
What is the remainder when 283 is divided by (-24335)/(-341) - 8/22?
70
Suppose -30*z - 834 - 874 = -1828. Suppose 0 = -u + 716 - 273. Suppose -5*w + u = -z*d, -w + 5*w + d = 346. What is the remainder when w is divided by 8?
7
Let u(f) = -3*f**2 - 92*f + 40. Let a be u(-32). What is the remainder when ((-54)/(-24))/(-1)*a is divided by 61?
15
Let i = 1206 + -756. Suppose 0*n + 910 = 4*p - 5*n, -2*p + 5*n + i = 0. Calculate the remainder 